4*c(v) + 3*r(v). Determine n(-4).
2
Let u(h) = h + 7. Suppose -194 = -s - 197. Calculate u(s).
4
Let u(s) = 6*s + 4. Let q be u(0). Suppose 5*h + 5*c + 25 = 0, 2*c - 10 = 5*h + q*c. Let x(o) = -o**2 - 3. Give x(h).
-3
Let l(i) = -i**3 + 55*i**2 - 55*i + 47. Let m be l(54). Let k(f) = -4*f - 4 + f**2 + 6*f + 5*f. Determine k(m).
-4
Suppose -g + 117 = k, -k - 4 + 2 = 0. Let v be (-50)/(-14) - (-51)/g. Let b(a) = -a**2 + a + 2. Give b(v).
-10
Let u(s) = -s**2 + 8*s - 7. Suppose 3*m - w - 25 = 4*w, 5*m - 3*w = 31. Let b be u(m). Let z(a) = a - 9. Calculate z(b).
-1
Let d(g) = -g + 5. Let i be -1 + 0 + 7 + (15 - 15). Calculate d(i).
-1
Let x be 38/(-247) + (-574)/(-13). Let o = x + -42. Let a(y) = -4*y**2 + 2*y - 2. Determine a(o).
-14
Let h(v) be the third derivative of -v**5/20 + v**4/8 - v**3 + 194*v**2. What is h(4)?
-42
Let t(u) = u - 6. Let k be t(10). Suppose 0 = k*a - 9*a - 20. Let i(s) = 3*s + 2. What is i(a)?
-10
Let w = 3 + 0. Suppose w*l + 16 = 4. Let u(m) = -2*m + 4. Determine u(l).
12
Let y(g) = -2*g + 2. Suppose 0 = -5*d + 2*d + 27. Let x = d + -7. Determine y(x).
-2
Let t(o) be the third derivative of o**7/2520 - o**6/240 - o**5/30 + o**4/2 - 9*o**2. Let k(d) be the second derivative of t(d). Suppose 9 = 4*h - h. Give k(h).
-4
Let f(z) = z**3 + 32*z**2 - 3*z - 86. Let k be f(-32). Let y(q) = q**3 - 10*q**2 + q + 4. What is y(k)?
14
Let v(b) be the second derivative of -b**6/360 + b**5/40 + b**4/6 + 5*b**3/6 + 5*b. Let c(l) be the second derivative of v(l). Calculate c(3).
4
Let u be (81/2)/(-3)*24/36. Let n be 2 - (-3 + -1) - 0. Let o be ((-10)/n)/((-3)/u). Let c(p) = -p**3 - 4*p**2 + 5*p - 1. What is c(o)?
-1
Let y(d) be the first derivative of -2*d**2 - 7*d + 5. Let b(s) = 5*s + 7. Let h(f) = 3*b(f) + 4*y(f). Let u = 11 + -15. Give h(u).
-3
Suppose -2*n - 2 = 4*d - 3*n, 0 = -2*d - 2*n + 4. Let r(w) = -w**2 + w + 12. Give r(d).
12
Let p(j) = -j**2 - j - 2. Suppose -207*n + 66 = -174*n. Calculate p(n).
-8
Let f(w) be the second derivative of -w**3/6 + 3*w**2/2 + 6*w. Let k(m) = -m**3 + m**2 - m - 1. Let c be k(-1). Suppose -c = r - 5. Calculate f(r).
0
Let b(h) = h**2 - 3*h + 2. Let o be b(3). Let a(p) = o*p + p - 4*p**2 - 2*p. Let m be (3 + -1)*1/2*-1. Determine a(m).
-5
Suppose 0 = 21*s - 24*s - 0*k - k, 5*k = 0. Let i(w) = -w - 25. Give i(s).
-25
Suppose -o - 42 = -50. Let y(l) = 2*l - 12. Calculate y(o).
4
Let q be 1/3*15/1. Let n(b) = b**2 - 6*b + 3 - 3 - 1. What is n(q)?
-6
Let a be 2/(-4) + 134/4. Let h(v) = v**2 - 2*v**2 - a - 2*v + 66 - 34. What is h(-1)?
0
Let z(w) = -2*w + 6 - 3*w + 3 - w**2. Let u = -123 - -116. Give z(u).
-5
Let l = -2497 + 2508. Let f(b) = b**2 - 13*b + 11. Determine f(l).
-11
Suppose -4*g - 29 = 5*v, -g - g - 7 = -5*v. Let f(p) = -p**2 - 4*p + 17. Let m be f(g). Let k(y) = -y**3 + 4*y**2 + 7*y - 6. Determine k(m).
4
Suppose 0 = -6*x + 4*x + 2*y + 14, 0 = -3*x - 2*y + 6. Let z(t) = 8*t**2 - 11*t - 10. Let s(u) = u**2 - u - 1. Let g(m) = 6*s(m) - z(m). What is g(x)?
-8
Let q(s) = 3*s**2 + 3*s**3 - 2*s**2 + 10 - 7*s**2 - 4*s**3 + 4*s + 0. Give q(-6).
-14
Let x(c) = -3*c**2 - 2*c - 1. Suppose -9*d - 82 = -50*d. Determine x(d).
-17
Let f(a) be the third derivative of -a**5/60 + a**4/6 + a**3/3 - 7*a**2. Let x be f(4). Let y(u) = 2*u**x + 22*u - u**2 - 25*u - 4. Determine y(5).
6
Let o(x) = x**3 + 8*x**2 + 6*x - 4. Let n be o(-7). Suppose 7*v = n*v. Let z(w) be the first derivative of -w**2/2 - 5*w - 10. Determine z(v).
-5
Let x(l) = 24*l + 1. Let g(r) = -25*r + 37. Let z(c) = -13*c + 19. Let v(a) = 6*g(a) - 11*z(a). Let s be v(2). Give x(s).
-23
Let c be (2 + -6)/1 - -3. Let w(a) = a - a + 2*a - 1 - 3*a. Let z(h) = 2*h**2 + 11*h + 11. Let g(o) = 22*w(o) + 2*z(o). Calculate g(c).
4
Let u = 7 - 4. Let q be (u + 1)*3/4. Let o(v) = -1 + v**q + v**3 + 2. Calculate o(1).
3
Let m(x) = -3*x + 1. Let g(r) = 13*r - 1 + 2 - 10 + 4. Let l(p) = -2*g(p) - 9*m(p). Give l(3).
4
Suppose 0*z - 12 = 2*z. Let y(j) be the third derivative of 1/2*j**3 + 0 + 1/24*j**4 + 0*j + 12*j**2. What is y(z)?
-3
Suppose 4*s = -2*m + 3*s, 4*m - 12 = s. Suppose 4*l - 4 = -m*k + 2, -3*k = l - 14. Let h(o) = -k*o + 5 + 5*o**3 + 2*o**2 - 4*o**3 - 6*o**2. Give h(5).
5
Let h(j) = 9*j + 1. Let f = -106 - -105. Determine h(f).
-8
Let m(v) = -4*v - 1. Let s = -24 + 39. Let a be (-3)/(30/4) - (-66)/s. Determine m(a).
-17
Let d(t) = t**2 + 2*t + 10. Let p(f) = 4*f**2 + 9*f + 30. Let s(l) = -7*d(l) + 2*p(l). Calculate s(-9).
35
Suppose -7*x - 40 = -12*x. Suppose -2*h = -2*b - x, -3*h + 12 = -8*h - 3*b. Let a(y) = 0*y**2 + h*y**2 + 12 + 6*y**2 + y**3 - 5. What is a(-6)?
7
Suppose 11*i - 15*i - 4 = 0. Let d(k) be the second derivative of -k**5/4 + k**4/12 - k**3/6 - k**2/2 + 5*k. What is d(i)?
6
Let z(w) be the third derivative of w**4/8 - w**3 + 311*w**2. Give z(-5).
-21
Let r = -893 - -897. Let w(i) = -9*i - 8. Calculate w(r).
-44
Let w(v) = v**3 - 7*v**2 + 7*v - 4. Let t = 6 + -13. Let z(d) = 43 + 7*d + 42 - 79 + d**2. Let f be z(t). Determine w(f).
2
Let g(p) = p**3 - 7*p**2 + 3. Let n be g(7). Suppose -n*l - 57 = -24. Let c(j) = j**3 + 12*j**2 + 11*j + 1. Calculate c(l).
1
Let p(o) be the first derivative of -7/2*o**2 + 4 + 0*o**3 + 2*o + 1/12*o**4. Let y(i) be the first derivative of p(i). Give y(0).
-7
Let i(l) = -5*l + 10 - 12*l - l**3 - 6*l**2 + 21*l - 3. Suppose -114 = -8*y + 5*y. Suppose -t + 5 - 31 = 5*v, 2*t = 5*v + y. Calculate i(v).
-17
Let o(w) = -w**2 - 5. Suppose 4*x = -4*n + 32, -3*x = -4*n + 2*x - 13. Suppose -2*g - g = 9, -g = n*z + 3. Determine o(z).
-5
Let j be 3/(-6)*2*-2. Suppose -7*b + j*b = 0. Let q(h) = 2*h - 5*h + b*h - 6. Calculate q(-5).
9
Let p(w) = -w**3 + 7*w**2 - 6*w + 7. Let d = -2753 - -2760. Determine p(d).
-35
Let c(u) be the first derivative of -u**4 + 0*u**2 + 2/3*u**3 - u + 6. Calculate c(-1).
5
Let d(k) = 9*k**3 - 7. Let w(m) = -5*m**3 + 3. Let t(x) = 4*d(x) + 9*w(x). Suppose 3*j = 2*u + 21, -5*j = -3 + 8. Let h be (2/8)/((-3)/u). Give t(h).
-10
Let h(u) = 9*u**2 + 17*u + 19. Let c be 4/6 + 60/(-9). Let k(f) = 8*f**2 - 14*f**2 + 10 + 8*f**2 + 9*f + 3*f**2. Let s(y) = c*h(y) + 11*k(y). Calculate s(3).
-4
Let c(h) = -81*h + 33. Suppose 0*n + 12 = -3*n. Let g(y) = -10*y + 4. Let r(o) = n*c(o) + 33*g(o). Calculate r(-1).
6
Let z(f) = 3*f + 4. Suppose -5*b + 3*v = 5*v - 10, b + 3*v - 15 = 0. Let r be (b - (-3)/(-9))*15. Calculate z(r).
-11
Let l(j) = 4 - 6 + 3*j - 2*j. Let c(b) = -b**3 + 62*b**2 + 336*b - 62. Let f be c(67). Give l(f).
3
Let i(v) = v**3 - 5*v**2 - 4*v - 7. Let x = -98 + 169. Let k = -49 + x. Let n = -16 + k. Give i(n).
5
Let c be -5 + 2 + 18 + 1. Let y be 2 + c + (-2 - -6). Suppose -3*p = -28 + y. Let z(k) = 3*k**2 - 2*k - 2. Calculate z(p).
6
Suppose -2*a + 6*a = 0. Let j(s) = 1 + 2 - 1 + a*s**2 - s + s**2. Let m(x) = -x + 11. Let y be m(11). What is j(y)?
2
Let q(d) = 3*d**3 + 3*d**2 + 6*d + 2. Let z be q(-1). Let l(u) = 2*u + 4. Calculate l(z).
-4
Let a(h) be the third derivative of -16*h**2 - 1/120*h**6 + 0*h - 7/6*h**3 - 1/60*h**5 + 0 + 1/24*h**4. Give a(0).
-7
Suppose -3*l - 9 = c, -4*c = -7*c + l + 23. Let p be (12/8)/((-6)/(-20)). Let k(s) = 2*s + 2*s + 2*s - p*s + c. Calculate k(-3).
3
Let d = -1791 - -1784. Let g(k) = -k**3 - 7*k**2 + 2*k - 7. Calculate g(d).
-21
Let j(o) be the third derivative of -o**6/120 - o**5/12 - 5*o**4/24 - 2*o**3/3 + o**2 - 51*o. Give j(-4).
0
Suppose 4 = 2*s + 2*s. Let t(y) be the first derivative of 4 + 4 - s - 1 + y**2. Determine t(-4).
-8
Let b(t) = 4 + 0*t - 3*t + 0 + 2*t. Determine b(-7).
11
Suppose -2*k = 45 + 37. Let j = k - -47. Let q(l) = 2*l + 4. Give q(j).
16
Suppose 0 = -h - 0*h. Let d(s) = -3*s - 33. Let u be d(h). Let w be 22/u - (-38)/(-6). Let q(p) = -2*p - 7. Give q(w).
7
Let s(t) = -22*t + 1. Let o(n) = -5*n**2 + 16*n - 15. Let y(j) = -6*j**2 + 18*j - 15. Let z(v) = -5*o(v) + 4*y(v). Let c be z(4). Give s(c).
23
Let k(w) = -w**3 - 5*w**2 - 5*w + 2. Let n = 16 - 13. Suppose 2*c = 2*f - 4, 1 + 5 = n*f. Suppose c = -5*q - 20, -g - 32 = 3*g + 4*q. What is k(g)?
6
Let f(h) = -h**2 + 3*h - 10. Let y be f(0). Let t(j) = j**3 + 11*j**2 + 7*j + 11. What is t(y)?
41
Let q(m) be the third derivative of m**4/8 + m**3/6 - 4*m**2. Let f(x) = x**3 + 4*x**2 + 5*x + 6. Let y be f(-4). Let g = y - -17. What is q(g)?
10
Suppose 3*v - 6*v - 15 = 0, 5*s + 20 = 2